ctor of 62764 and 7895888.
884
What is the highest common divisor of 7884033 and 762?
381
What is the highest common factor of 4482 and 4699323?
27
Calculate the highest common factor of 2346781368 and 24.
24
What is the highest common divisor of 869 and 25654618?
869
Calculate the highest common divisor of 447768 and 192.
24
Calculate the greatest common divisor of 39 and 42427086.
39
Calculate the highest common factor of 278352567 and 9.
9
Calculate the highest common factor of 3 and 7269657.
3
Calculate the highest common factor of 9694547 and 3233.
61
What is the greatest common divisor of 22923 and 90645183?
7641
Calculate the highest common factor of 1442 and 13755238.
1442
What is the greatest common divisor of 1529 and 3730826?
11
Calculate the greatest common divisor of 7 and 212292003.
7
What is the highest common factor of 3836 and 316349166?
1918
Calculate the greatest common factor of 220 and 222902020.
220
What is the highest common factor of 3652529 and 2072?
37
What is the highest common divisor of 7344 and 71000415?
459
What is the highest common divisor of 1882849 and 639?
71
What is the greatest common divisor of 2873124 and 5661?
333
Calculate the greatest common divisor of 356013 and 518301.
63
What is the highest common divisor of 7844746 and 36218?
182
What is the greatest common divisor of 49977 and 13965795?
5553
What is the highest common factor of 173 and 29556358?
173
What is the highest common factor of 81590 and 61090?
410
Calculate the greatest common divisor of 168039 and 2367.
9
What is the highest common divisor of 11571 and 4550709?
1653
What is the greatest common divisor of 1030832 and 506?
22
What is the highest common divisor of 54 and 503787510?
18
Calculate the highest common factor of 439624 and 6987320.
2456
What is the greatest common divisor of 30817033 and 26?
13
What is the highest common divisor of 136036 and 34148868?
1916
What is the greatest common divisor of 3324 and 27366?
6
What is the greatest common divisor of 153150534 and 10152?
2538
What is the greatest common factor of 364 and 101326771?
91
Calculate the greatest common factor of 225 and 102019950.
225
What is the greatest common divisor of 447165 and 27360?
855
Calculate the greatest common divisor of 10903560 and 5460.
60
Calculate the greatest common factor of 612 and 52974828.
36
What is the greatest common factor of 1266160 and 4590?
170
Calculate the greatest common divisor of 5026176 and 115200.
1152
Calculate the highest common factor of 819 and 25478362.
91
What is the highest common divisor of 33178 and 53437238?
626
Calculate the highest common factor of 7285 and 41447279.
1457
What is the greatest common divisor of 153640388 and 55?
11
What is the highest common factor of 3273034 and 42972?
7162
What is the highest common divisor of 3576 and 12743076?
1788
Calculate the greatest common divisor of 6010739 and 472989.
1303
Calculate the highest common factor of 447 and 2756388399.
447
Calculate the greatest common divisor of 6362125 and 1100.
275
Calculate the highest common factor of 9605 and 397164829.
1921
What is the highest common divisor of 32370 and 5798?
26
What is the greatest common factor of 109736 and 4125076?
4988
Calculate the highest common factor of 17484 and 524892.
372
What is the greatest common divisor of 12265355 and 16549?
1273
Calculate the greatest common factor of 1274 and 15667210.
26
What is the highest common factor of 501282918 and 36?
18
Calculate the greatest common divisor of 59290 and 9729610.
1210
Calculate the greatest common divisor of 45088060 and 80.
20
Calculate the greatest common factor of 55 and 155818179.
11
Calculate the greatest common divisor of 10 and 1119909.
1
What is the highest common factor of 3418230 and 465?
15
What is the highest common divisor of 21174 and 619812386?
7058
What is the highest common factor of 61238 and 3633607?
457
What is the highest common factor of 89269 and 17?
1
What is the highest common factor of 165632942 and 8732?
4366
Calculate the greatest common factor of 630 and 2634310.
70
What is the highest common divisor of 147 and 1223334?
147
Calculate the greatest common divisor of 33066 and 20341101.
5511
What is the highest common divisor of 5703 and 401838?
3
Calculate the highest common divisor of 11 and 9607268.
11
What is the highest common factor of 1536 and 101230464?
384
Calculate the highest common divisor of 100 and 6046075.
25
What is the greatest common divisor of 2081327 and 1751?
17
What is the greatest common factor of 302 and 19423432?
302
What is the greatest common divisor of 3252 and 30900?
12
Calculate the highest common divisor of 592515 and 3913525.
7315
What is the greatest common factor of 951357 and 53799?
681
What is the greatest common divisor of 431038 and 1246886?
254
Calculate the greatest common factor of 259 and 9654114.
37
Calculate the highest common factor of 8180 and 27703206.
818
Calculate the greatest common divisor of 63014 and 1608786.
1286
What is the greatest common divisor of 54405 and 1491255?
1395
Calculate the highest common factor of 315 and 1757763.
63
Calculate the highest common factor of 233028853 and 509.
509
Calculate the highest common factor of 3658551 and 117.
39
Calculate the greatest common divisor of 30 and 83999670.
30
What is the highest common divisor of 1271708 and 30780?
76
Calculate the highest common factor of 125290 and 308870.
670
Calculate the greatest common divisor of 368448 and 1296.
48
What is the greatest common factor of 27569536 and 64?
64
What is the greatest common divisor of 113356335 and 6420?
1605
Calculate the highest common factor of 3214 and 18727978.
3214
Calculate the highest common factor of 160461 and 17010.
567
What is the highest common factor of 2839214 and 139139?
973
Calculate the highest common divisor of 6 and 484734.
6
What is the highest common factor of 215290975 and 136?
17
What is the greatest common factor of 569184 and 286?
22
What is the greatest common divisor of 777 and 1011542889?
777
Calculate the highest common divisor of 5559 and 215679.
51
What is the greatest common divisor of 19300 and 8350?
50
What is the greatest common factor of 10676780 and 60190?
4630
What is the highest common divisor of 20272 and 1739591?
1267
Calculate the greatest common factor of 28677 and 48822048.
363
Calculate the greatest common factor of 65712 and 30720.
48
Calculate the highest common divisor of 23411595 and 1852.
463
Calculate the highest common divisor of 43262 and 945520.
446
What is the greatest common factor of 10406606 and 749?
749
What is the highest common factor of 507 and 21867417?
507
Calculate the highest common divisor of 9066537 and 853.
853
Calculate the greatest common divisor of 1001280 and 12005.
35
What is the highest common divisor of 1586238 and 15279?
1389
What is the greatest common divisor of 13388 and 66675587?
3347
What is the highest common factor of 55989 and 695997?
9
Calculate the greatest common divisor of 33358 and 1421160.
26
Calculate the greatest common divisor of 36714 and 39266.
58
What is the greatest common divisor of 747530 and 18585?
2065
Calculate the highest common factor of 2160 and 10421760.
240
Calculate the greatest common factor of 429904956 and 156.
156
Calculate the greatest common divisor of 18340 and 1724.
4
What is the highest common factor of 24570 and 18489380?
910
Calculate the highest common divisor of 17640 and 150480.
360
Calculate the highest common factor of 5681 and 743337.
437
What is the highest common divisor of 88 and 15478738?
22
What is the greatest common factor of 3492 and 317?
1
What is the highest common factor of 23436 and 2744802?
558
Calculate the highest common factor of 190868377 and 27832.
3479
Calculate the greatest common divisor of 874 and 25067953.
23
Calculate the greatest common factor of 3260 and 14334220.
3260
What is the greatest common factor of 6888 and 19360815?
123
What is the highest common divisor of 12870 and 104585?
65
Calculate the greatest common factor of 28280 and 41915.
505
Calculate the highest common factor of 2404809 and 9.
9
Calculate the greatest common divisor of 68895 and 104850535.
7655
What is the highest common divisor of 414 and 37248?
6
What 